{"id":15,"date":"2017-07-12T16:43:23","date_gmt":"2017-07-12T14:43:23","guid":{"rendered":"http:\/\/themedemos.webmandesign.eu\/reykjavik\/?page_id=15"},"modified":"2019-06-26T14:04:59","modified_gmt":"2019-06-26T12:04:59","slug":"home","status":"publish","type":"page","link":"https:\/\/bagrovat.sk\/","title":{"rendered":"Potrebujete bagrova\u0165?"},"content":{"rendered":"\n<h3 class=\"wp-block-heading\" style=\"text-align:center\">Bagrovanie pod\u013ea Va\u0161ich po\u017eiadaviek, kvalitne a profesion\u00e1lne.<\/h3>\n\n\n\n<div class=\"wp-block-cover has-background-dim-30 has-background-dim has-parallax\" style=\"background-image:url(https:\/\/bagrovat.sk\/wp-content\/uploads\/2019\/06\/bagrovanie-e1561384655645.jpg)\"><div class=\"wp-block-cover__inner-container is-layout-flow wp-block-cover-is-layout-flow\">\n<p style=\"text-align:center\"><a class=\"button\" style=\"outline-width: 0px !important; user-select: auto !important;\" href=\"https:\/\/bagrovat.sk\/index.php\/stavebne-stroje\/\"><span style=\"text-decoration: underline;\">\u0160irok\u00e1 \u0161k\u00e1la stavebn\u00fdch strojov<\/span><\/a><\/p>\n\n\n\n<p><\/p>\n<\/div><\/div>\n\n\n\n<h4 class=\"wp-block-heading\" style=\"text-align:center\">ZODPOVEDNOS\u0164, SPO\u013dAHLIVOS\u0164 A DODR\u017dIAVANIE TERM\u00cdNOV<\/h4>\n\n\n\n<p style=\"text-align:center\">Poskytujeme z\u00e1kazn\u00edkom kvalitn\u00e9 a spo\u013eahliv\u00e9 slu\u017eby za prijate\u013en\u00e9 ceny. <\/p>\n\n\n\n<p style=\"text-align:center\">Radi V\u00e1m vypracujeme cenov\u00fa ponuku, kontaktujte n\u00e1s.<\/p>\n\n\n\n<p><\/p>\n","protected":false},"excerpt":{"rendered":"<div class=\"entry-summary\">\n<p><a href=\"tel:+421903456003\" class=\"button\">Bagrovanie od MAJDAN LUBO\u0160 s.r.o. | <u>Zavolajte n\u00e1m<\/u><\/a><\/p>\n<\/div>\n<div class=\"link-more\"><a href=\"https:\/\/bagrovat.sk\/\" class=\"more-link\">Pre\u010d\u00edta\u0165<span class=\"screen-reader-text\"> &ldquo;Potrebujete bagrova\u0165?&rdquo;<\/span>&hellip;<\/a><\/div>\n","protected":false},"author":1,"featured_media":0,"parent":0,"menu_order":0,"comment_status":"closed","ping_status":"closed","template":"templates\/intro-widgets.php","meta":{"spay_email":"","footnotes":""},"class_list":["post-15","page","type-page","status-publish","hentry","entry"],"_links":{"self":[{"href":"https:\/\/bagrovat.sk\/index.php\/wp-json\/wp\/v2\/pages\/15","targetHints":{"allow":["GET"]}}],"collection":[{"href":"https:\/\/bagrovat.sk\/index.php\/wp-json\/wp\/v2\/pages"}],"about":[{"href":"https:\/\/bagrovat.sk\/index.php\/wp-json\/wp\/v2\/types\/page"}],"author":[{"embeddable":true,"href":"https:\/\/bagrovat.sk\/index.php\/wp-json\/wp\/v2\/users\/1"}],"replies":[{"embeddable":true,"href":"https:\/\/bagrovat.sk\/index.php\/wp-json\/wp\/v2\/comments?post=15"}],"version-history":[{"count":55,"href":"https:\/\/bagrovat.sk\/index.php\/wp-json\/wp\/v2\/pages\/15\/revisions"}],"predecessor-version":[{"id":604,"href":"https:\/\/bagrovat.sk\/index.php\/wp-json\/wp\/v2\/pages\/15\/revisions\/604"}],"wp:attachment":[{"href":"https:\/\/bagrovat.sk\/index.php\/wp-json\/wp\/v2\/media?parent=15"}],"curies":[{"name":"wp","href":"https:\/\/api.w.org\/{rel}","templated":true}]}}